der when n(6) is divided by 4?
0
Let m = 154 + -149. Calculate the remainder when 47 is divided by m.
2
Suppose 4*q = 4*c + 132, -q + 2*q - 4*c - 27 = 0. Suppose -q - 41 = -2*i. Calculate the remainder when 110 is divided by i.
34
Let x = -2853 - -2931. Suppose 4*q - 76 - 120 = 0. Suppose 2*l = -5*m + 44, 2*l + 2*m - q = 1. Calculate the remainder when x is divided by l.
24
Suppose 3*z - u + 57 = 0, 4*z + 0*u + 5*u = -57. Let q = -13 - z. Suppose q*l = 7*l - 14. Calculate the remainder when l is divided by 2.
1
Suppose 30 = -3*p - 3*l, p - l = 6*p + 66. What is the remainder when (p/(-4))/((-1)/(-14)) is divided by (6 + -5)*-8 + 34?
23
Let g = -1365 + 1376. What is the remainder when 2/(-4)*(-152 - 0) is divided by g?
10
Let a = 51 - 32. Let v = 37 - a. Calculate the remainder when v is divided by 9 + -2*(0 - -1).
4
What is the remainder when ((3400/16)/(-17))/((-3)/66) is divided by 12?
11
Suppose -4*j - 5*d = -320, 123*j + 2*d = 119*j + 320. What is the remainder when j is divided by 7?
3
Suppose 38 = 3*r - 34. Let o = -2 - -1. Let l = 14 + o. What is the remainder when r is divided by l?
11
Let p = -465 - -489. Calculate the remainder when 478 is divided by p.
22
Suppose 0 = 5*o - 2*f - 145, -5*o = -5*f - 115 - 15. Calculate the remainder when 413 is divided by o.
10
Suppose -39 = -0*f - 2*f - 5*t, 5*f - 51 = 3*t. Suppose -427 = -f*u + 221. Calculate the remainder when 159 is divided by u.
51
Let u(v) = -3*v - 12. Let z be u(-6). Suppose -5*a = -3*b + 5, -5*b = a - z - 49. What is the remainder when 42/70 + 82/5 is divided by b?
7
Suppose -20 = -5*c + 20. Suppose -58*a + 434 = -262. Calculate the remainder when a is divided by c.
4
Suppose 86*o + 79*o - 6765 = 0. Let p(q) = -q**2 - 9*q + 3. Calculate the remainder when o is divided by p(-6).
20
Suppose 3*b = -5*x + 203, -x - b + 211 = 4*x. Let d be -3*(-9)/(-6)*(-1 - -3). Let y = 32 + d. What is the remainder when x is divided by y?
20
Let o = 601 + -446. What is the remainder when o is divided by 13?
12
Suppose -2*t - 19 = -5*x, 10 = 3*t + 1. Let l(n) = 6*n - 133 + n + 138. What is the remainder when l(x) is divided by 14?
12
Let k(t) = 4*t + 1. Calculate the remainder when k(5) is divided by 7 - (9/18 + 1/2).
3
Let y be (-31)/11 - 4*3/66. What is the remainder when 15 is divided by 7/(-6) + y/(-18) - -9?
7
Calculate the remainder when 6/(-14) + (-5360)/(-28) is divided by 57.
20
Let s be (-3)/(-2)*2*(-90)/27. Calculate the remainder when 454/10 - (-4)/s is divided by 10.
5
Suppose 0 = a + 3*a + 28. Let b(t) = t + 18. What is the remainder when 43 is divided by b(a)?
10
Suppose 5*j = -0*j - 50. Let u = 12 - j. Suppose -3*c + 5*m + 170 = 0, -m - 200 = -3*c - 2*m. What is the remainder when c is divided by u?
21
Let g(d) = d**3 + d**2 - d. Let z be g(-1). Suppose 2*u + z = 15. Suppose 54 = -3*b + 6*b. Calculate the remainder when b is divided by u.
4
Let g(m) = -m + 5. Let b be g(7). What is the remainder when 83 is divided by (58/b)/(0 + -1)?
25
Let c(f) = -f**3 + f**2 + 5*f + 1. Calculate the remainder when 87 is divided by c(-2).
0
What is the remainder when -7 - (-8 + -148 + -8) is divided by 17?
4
Let q = -69 - -120. Let o = 55 - q. What is the remainder when 9 is divided by o?
1
Let h = 47 - 34. What is the remainder when 22 is divided by h?
9
Suppose 8 = 3*t + 2, -4*t = x - 328. Suppose 104*n = 98*n + 30. Suppose -3*m = n*p - m - x, -3*p + 166 = -4*m. What is the remainder when p is divided by 9?
8
Calculate the remainder when (-1 + -3)/(-4*(-6)/(-1182)) is divided by 8.
5
Suppose 0 = 4*u + 88 - 336. What is the remainder when u is divided by 13?
10
Suppose 2*t = 38 + 6. Let j(p) = 7*p - 25. What is the remainder when j(t) is divided by 44?
41
Suppose 76*n = 86*n - 340. Calculate the remainder when 542 is divided by n.
32
Let c(m) = -44*m**2 + 81*m**2 - 38*m**2 - 15 + 11*m. Calculate the remainder when c(6) is divided by 9.
6
Let x(b) = -b**2 - 11*b + 16. Let f be x(-13). Let m be (4*-1)/(f/25). What is the remainder when 23 is divided by 2 + (-1 - -2)*m?
11
Let b = 17 - 7. Calculate the remainder when (((-4)/b)/(-1))/(2/880) is divided by 45.
41
Let p(s) = 13*s**2 - 6. Let w be (8/6)/(2/3). Suppose 0*y - 5*y - 2*b + 52 = 0, 0 = y + b - 8. Calculate the remainder when p(w) is divided by y.
10
Calculate the remainder when 95 is divided by -6*(-6 - -8) - -69.
38
Let i(m) = -5*m + 10. Let p be i(-10). Suppose 2*d - d = p. Let l = -39 + d. Calculate the remainder when l is divided by 12.
9
Suppose 881 = 14*s + 13. Let u(w) = 6*w - 2. What is the remainder when s is divided by u(3)?
14
Suppose -4*b + 2 = -14. Let v = 62 - 55. Suppose -5*o + 60 = 4*a, b*a - 3*o = -v*o + 56. Calculate the remainder when 29 is divided by a.
9
Let j be (1 + 4)/5*-14. Let x be 5*(j/(-5) - 2). Suppose 7*b = x*b + 48. What is the remainder when 27 is divided by b?
11
Let i = 3 + 179. Calculate the remainder when i is divided by 48.
38
Let k(n) be the second derivative of n**5/20 + 2*n**4/3 + 5*n**3/2 + 21*n**2/2 + 12*n. What is the remainder when 2/1*(2 - 0) is divided by k(-6)?
1
Let o be 2/(-7) + -13*(-37)/(-7). What is the remainder when 39 is divided by (-9)/(-6) + (o/(-6) - -2)?
9
What is the remainder when 341 is divided by (-2)/(-2)*(-2 + (-1062)/(-18))?
56
Let w = -131 + 364. Calculate the remainder when w is divided by 55.
13
Let t(h) = -2*h + 12. Let q be t(5). Suppose q*j + 14 = -14. Let z = -1 - j. Calculate the remainder when z is divided by 5.
3
Suppose 0 = -6000*r + 6005*r - 1285. What is the remainder when r is divided by 61?
13
Suppose -34 = 71*f - 72*f. What is the remainder when f is divided by 12?
10
Suppose -4*g + 32 = 2*i, -3*i = -5*g + 15 + 14. Suppose 2*a - 15 = g*a. Let m = a - -9. What is the remainder when 22 is divided by m?
4
Suppose -4*c + 2*b = -c + 73, 0 = -5*c + 3*b - 120. Let n(v) = -v**2 - 20*v + 28. Calculate the remainder when 62 is divided by n(c).
6
Suppose 0 = -2*f + 4*c + 97 - 11, 0 = 3*c. Let x = -35 + 43. Let a = 17 - x. Calculate the remainder when f is divided by a.
7
Let a be (4/((-24)/(-3006)))/(-1). What is the remainder when (a/(-7))/1 + 216/(-378) is divided by 8?
7
What is the remainder when 1497 is divided by (40/(-6))/(44/(-495))?
72
Suppose -84 = 3*y + 4*p, -54 = 2*y - p + 3*p. Suppose -10*n = -5*n - 25. Calculate the remainder when (-630)/y + 3/4 is divided by n.
2
Suppose 38*c - 828 = 3*c + 23*c. Calculate the remainder when c is divided by (-10)/(-4)*(0 + 2).
4
Let s be 2 + 276/3 + -1. Suppose 24 = -4*c - 48. Calculate the remainder when 3*s/c*-4 is divided by 16.
14
Suppose 0 = -12*z + 6*z + 30. Let c = -13 - -4. Let b = c + 27. Calculate the remainder when b is divided by z.
3
What is the remainder when 1/1*118 - (2 - 0) is divided by 20?
16
Let j(t) = -4 + 3 - 20*t + 4 - 7. Calculate the remainder when j(-4) is divided by 11.
10
Suppose 12*o = -25*o + 5957. Calculate the remainder when o is divided by 26.
5
Suppose 86 = 4*k - 2*k. Suppose 5 = 2*r + 5*v - 35, -5*r - 5*v + 85 = 0. What is the remainder when k is divided by r?
13
Let c(h) = -2 + 2*h + 1 + h**2 + 3*h. Let n be (-4)/16 + (-162)/24. What is the remainder when 36 is divided by c(n)?
10
Suppose 0 = 3*l - 2*i - 112, -29 - 15 = -l + 4*i. What is the remainder when l is divided by 19?
17
Suppose 2*r - 132 = -2*j, -20*j - 16 = -16*j. Calculate the remainder when r is divided by 16.
6
Let b(x) = x**2 - 19*x - 114. What is the remainder when 16 is divided by b(24)?
4
Let p be 370/5 - (-3)/(2/(-2)). Let c = p + -36. What is the remainder when 138 is divided by c?
33
Suppose -3*o + 9 + 12 = 0. Suppose 16 = -4*y + 64*m - 69*m, 4*m + 20 = 4*y. What is the remainder when 26 is divided by 16 + y + o + -10?
12
Suppose 3*r + 2*q = 54, -3*q + 90 = 136*r - 131*r. What is the remainder when 47 is divided by r?
11
Let c(u) = -2*u + 99. Calculate the remainder when 124 is divided by c(16).
57
Suppose 3*n - 6 = -0*n + 2*y, -n + 5*y = 11. Suppose -a - 39 = -n*a. Calculate the remainder when 64 is divided by a.
12
Suppose -4*b - 328 = -2*l, 3*l + b + 3*b = 492. Calculate the remainder when l is divided by 55.
54
Let l = 71 + -28. Calculate the remainder when l is divided by 6/(-15) + (-114)/(-10).
10
Calculate the remainder when 16 is divided by -2 + 4 - 3 - (2 - 7).
0
Suppose -184 = 6*u - 898. Suppose 0 = 5*c -